hat is the remainder when 207 is divided by g?
27
Let u(f) = -f**3 - 3*f**2 - 6*f + 2. Calculate the remainder when u(-5) is divided by 14.
12
Calculate the remainder when (-4)/(-10) + (-17498)/(-130) is divided by 25.
10
Let b(m) = 35*m + 120. What is the remainder when 105 is divided by b(-3)?
0
Calculate the remainder when (-25116)/(-154) - 6/66 is divided by 62.
39
Let v(q) = 4*q**2 + 14*q - 19. Calculate the remainder when v(-14) is divided by 19.
18
Let j = 1002 + -762. What is the remainder when j is divided by 57?
12
Suppose 2*h + 4*f - 104 = 188, 5*f = -5*h + 740. Suppose -x = -5, -5*j + 4*x + h = -0*j. Calculate the remainder when 135 is divided by j.
33
Let r(z) = -4*z**2 + 19*z - 14. Let a(u) = 2*u**2 - 19*u + 13. Let p(n) = 3*a(n) + 2*r(n). Calculate the remainder when p(-8) is divided by 13.
9
Let q = -156 + 256. Let y = -69 + q. What is the remainder when 61 is divided by y?
30
Let g(o) = -3*o**3 - 2*o**2 + o + 6. Calculate the remainder when 169 is divided by g(-3).
37
Let i(z) = 69*z - 18. Let c be i(2). Suppose -4*v - c = -184. What is the remainder when 21 is divided by v?
5
Let d = -58 + 109. Let x = -34 + d. Calculate the remainder when 66 is divided by x.
15
Let c(z) = -z**2 + 10*z - 18. Let b be c(8). Let n(g) = -32*g. Calculate the remainder when b*(258/(-4) - -2) is divided by n(-1).
29
Calculate the remainder when 171 is divided by (8/24)/(-1)*-174.
55
Suppose -540 = -4*y - y - 2*h, -108 = -y + 5*h. What is the remainder when y is divided by 59?
49
Suppose 0*n = -33*n + 396. Calculate the remainder when 160 is divided by n.
4
Let m(d) = -d - 4. Let l be (-3)/(-15) - (-318)/10. Let r be (-9)/(-6)*l/(-3). Calculate the remainder when 35 is divided by m(r).
11
What is the remainder when 100 is divided by 1/(-3) + 1738/66?
22
Suppose 3444 = 4*v + 3420. Calculate the remainder when 52 is divided by v.
4
Suppose 5*n - 70 = -5*k, 2*k + 16*n - 11*n - 37 = 0. Calculate the remainder when 392 is divided by k.
7
Let w(h) = h**3 + 5*h**2 + 3. Suppose 4*a + 4*c - 72 = 0, -a - 2*c + 6 = -5*c. Suppose 0*r + a = -3*r. What is the remainder when 8 is divided by w(r)?
2
Let o = 8 - 4. Let g = 27 + o. Let w(m) = 4*m**2 + m. Calculate the remainder when w(-4) is divided by g.
29
Let c(k) = 2*k**2 - 15*k + 6. Let z be c(9). Suppose 30 = 9*g - z. What is the remainder when 45 is divided by g?
3
Let h(j) = j**2 - 16*j + 26. Let t(w) = w**3 - 9*w**2 + 9*w + 8. Let l be t(8). Calculate the remainder when h(l) is divided by 8.
2
Let t = -211 + 242. What is the remainder when 53 is divided by t?
22
What is the remainder when 187 is divided by (-15)/60 - 85/(-4)?
19
Let w be 3 + (3 - 1) + 0. Suppose -2 = 5*d + 5*f - 27, -2*f = w*d - 22. Suppose n = d*h - 3*n, -2*n + 35 = 5*h. What is the remainder when 7 is divided by h?
2
Suppose 5*y - 8 = y. Let h = 137 + -130. Calculate the remainder when h is divided by y.
1
Let n(q) = 3*q**2 - 6 - 4*q + 2*q**3 - 4*q**2 + 10*q - 3*q**2. Calculate the remainder when n(3) is divided by 14.
2
Let z(s) = -46*s - 419. Calculate the remainder when z(-20) is divided by 12.
9
Let h = -2 - -6. Let c(m) = -3*m - 3. Let x be c(-1). Suppose 2*n = -h*o, -3*n + 4*n - 4*o - 12 = x. Calculate the remainder when 14 is divided by n.
2
Let m be (-3*1)/((-1)/3). Let r be 2 + (-4)/18 + (-20)/(-9). Suppose l = r*c + 24, 3*l - m = 7*l + 5*c. What is the remainder when 5 is divided by l?
1
Suppose 2*d + d = 108. Let w = -152 - -139. Let v = w + d. What is the remainder when v is divided by 13?
10
What is the remainder when 6 + (6 - (7 + -115 + 1)) is divided by 51?
17
Let f = 205 + -195. Suppose -n - 14 = -49. Calculate the remainder when n is divided by f.
5
Suppose g = -1, -13 + 53 = 5*s - 5*g. Calculate the remainder when s is divided by 7.
0
Suppose 3*n = -0*n + 6. Suppose 2*i - 4*i + 5 = r, 6 = -n*r. Calculate the remainder when 5 is divided by i.
1
Let t(o) = o**3 + 6*o**2 + 5*o + 6. Let f = -21 - -17. What is the remainder when 62 is divided by t(f)?
8
Let z(d) = -12*d - 252. What is the remainder when z(-39) is divided by 31?
30
Let w be 137/9 - 8/36. Suppose -4*v - w - 13 = 0. Let r(g) = -3*g - 6. What is the remainder when r(v) is divided by 8?
7
Let w be (0 - 164/14) + 26/(-91). Calculate the remainder when 47 is divided by (w/7)/(4 - 145/35).
11
Let c be 4/20 + 8/10. Let g be 0 + (-4)/(-1) + c. Suppose -2*y = -g*q - 4, -4*y - 2*q = 3 - 59. Calculate the remainder when y is divided by 5.
2
Suppose -5*u = 4*h - 67, -h - 9*u + 19 = -10*u. Calculate the remainder when 807 is divided by h.
15
What is the remainder when 39/(-2)*104/(-12) is divided by 34?
33
Suppose -28 = -2*a + v - 3*v, 3*v = -4*a + 59. Calculate the remainder when 81 is divided by a.
13
Suppose 0 = 55*m - 57*m + 124. What is the remainder when 40 is divided by m/4 - (-15)/(-10)?
12
Suppose 2*n + 25 = 23, -26 = -2*m + 2*n. Suppose j + 0*j = 58. What is the remainder when j is divided by m?
10
Suppose 17*u = 56 + 403. Calculate the remainder when 104 is divided by u.
23
Let b = 27 + -29. Let u = 7 + b. Suppose 0*s - 20 = -u*s. What is the remainder when 19 is divided by s?
3
Suppose 122*l - 10540 = -2*l. What is the remainder when 321 is divided by l?
66
Suppose -1782 = -3*b + 969. Calculate the remainder when b is divided by 34.
33
Suppose -m + 93 = 5*r, -2*m + 105 = 5*r - 106. Calculate the remainder when m is divided by 8.
6
Suppose 0 = 2*i + f + f - 276, 0 = -5*i + f + 690. What is the remainder when i is divided by 35?
33
Suppose 1 = -2*c + 3*d - 0*d, d - 5 = 0. What is the remainder when 34 is divided by c?
6
Let n = 26 + -69. Let t = n + 48. What is the remainder when (-3 - -1)/(-4)*24 is divided by t?
2
Suppose 0 = 3*t - 52 - 17. What is the remainder when 181 is divided by t?
20
Let x = 26 + 15. Suppose -13*y = -10*y + 225. Let j = -53 - y. Calculate the remainder when x is divided by j.
19
Let t(m) = -m. Let o(z) = -z + 3. Let w(j) = 2*o(j) + 14*t(j). Calculate the remainder when w(-2) is divided by 11.
5
Suppose -5814 = -6*l - 28*l. Calculate the remainder when l is divided by 89.
82
Let t = 51 + -27. Suppose -2*j = -0*y + 3*y - 12, y = 4. What is the remainder when (-69 - j)*-2*4/8 is divided by t?
21
Suppose -m + 2*c + 5 = 0, 5*m + 20 = -2*c + 93. Let l = 4 + m. Calculate the remainder when 43 is divided by l.
9
Let l(z) = 5*z + 5. What is the remainder when (2/(-6))/(22/(-3894)) is divided by l(5)?
29
Let h(x) = x**2 + 9*x + 1. Let n = 14 - -5. Calculate the remainder when h(-12) is divided by n.
18
Let h(i) = -3*i**2 - 2*i**2 + 8*i - 4 - 1 + 6*i**2. Calculate the remainder when h(6) is divided by 27.
25
Let b = 2313 + -2048. Calculate the remainder when b is divided by 104.
57
Let n(h) = -3*h**3 + h**2 - 2*h - 2. Let g be n(-2). Let f = -271 + 274. Suppose -f*s + g = 2*s. What is the remainder when s is divided by 4?
2
Let x(v) = -24*v + 1. Let r be x(-14). Let q = r - 206. What is the remainder when q is divided by 33?
32
Suppose 2*c = -4*f - 16, -4*c - 16 = 4*f - 0*f. Suppose 0 = -q - c + 21. Calculate the remainder when 103 is divided by q.
19
Let d(y) = y**3 + 5*y**2 - 17*y + 4. Let j be d(-8). Let x = 65 + j. Let a(b) = -b**3 - 3*b**2 - 6*b - 4. What is the remainder when a(-4) is divided by x?
10
Let r be -1 + 0 + -4 + 49 + -6. Let h = r - 26. Let q(a) = a**3 + 6*a**2 + 2*a + 6. Calculate the remainder when q(-5) is divided by h.
9
Let b(f) = -4*f - 30. Let i be b(-8). Let o(g) = 21*g**2 + 2*g - 2. Calculate the remainder when o(-2) is divided by 3/i*(-120)/(-9).
18
Suppose 0*m = 4*m + 4. Suppose -7*x - 30 = -10*x. Calculate the remainder when (2 - m)*(6 - 0) is divided by x.
8
Let r(a) be the third derivative of a**6/120 - 7*a**5/60 + a**4/6 - 5*a**3/3 - 21*a**2. Calculate the remainder when 28 is divided by r(7).
10
Let v(a) be the second derivative of a**4/6 - a**3/2 + 3*a**2/2 - 3*a. Let n be v(3). Calculate the remainder when 1 + (n/4 - 1) is divided by 3.
0
Let o = 160 - 104. Calculate the remainder when o is divided by 20.
16
Suppose 13*n + 27 = 14*n + 4*d, 4*d = 3*n - 1. Calculate the remainder when 139 is divided by n.
6
Suppose 6*r + 3322 = 17*r. Let c = r - 158. What is the remainder when c is divided by 29?
28
Let u = -5 - -12. Suppose 22 = 2*t - 42. Calculate the remainder when t is divided by u.
4
Let v = 17 - 13. Suppo